t of q(j)?
1
Let w(x) = 2*x - 4. Let i be w(3). Let j be i/7 - (-12)/7. Suppose 3*g = k + 30, 0 = j*g + 2*k - 1 - 11. What is the units digit of g?
9
Suppose 3*i + 5*d = 183, 3*d - 9 = -4*i + 246. What is the tens digit of i?
6
Suppose 3*a = 2*a + 4. Suppose 2*f - 4*f = 0. Let c = a - f. What is the units digit of c?
4
Suppose 0 = -4*v - 5*p + 36, -3*v + p + 16 = 2*v. Suppose -16 = -2*o - v*x, -o + 2*x + 14 = -2*x. What is the units digit of 2/((-8)/o)*-2?
5
Suppose -l - 16 = -3*o - 6, 0 = -3*o - 2*l - 2. Suppose -o*z - 11 = -3*z. What is the units digit of z?
1
Let q be (-4)/10 - (-3)/(-5). Let o = q + 2. What is the units digit of o?
1
Let s = -57 - -125. What is the units digit of s?
8
Let p = 23 - -38. What is the units digit of p?
1
Let i = -16 + 34. Let a = 44 - i. What is the tens digit of a?
2
Let z = -15 + 51. What is the units digit of z?
6
What is the units digit of 6 + (6/2 - 3)?
6
Let q = 77 + -38. What is the tens digit of q?
3
Let g(c) = c**3 - 4*c**2 - 13*c + 9. Let z(x) = 2*x**3 - 9*x**2 - 25*x + 19. Let w(v) = 5*g(v) - 3*z(v). What is the units digit of w(8)?
4
What is the tens digit of 11 + 191 + (-2 + 1)*3?
9
Let l be 132/(-4)*(-2)/6. Suppose 4*m = 53 + 123. What is the units digit of 8/m + 119/l?
1
Suppose -m = -5*m + 20. Suppose -5 = -x - w, m*w = -2*x + w + 12. Suppose -11 = -g - x. What is the units digit of g?
7
Let u = -164 - -251. What is the units digit of u?
7
Suppose 0 = b - 3*l + 1, l = -4*b + 22. What is the units digit of b?
5
Let f(w) = -w**2 - 5*w + 4. Let j be f(-6). Let c(l) = -9*l + 2. Let b be c(j). What is the units digit of 125/b + (-2)/8?
6
Let p = 287 - 163. What is the tens digit of p?
2
Suppose 2*h - 2*o - 29 = 11, 0 = -3*h - 5*o + 60. Let j = h + 13. What is the units digit of j?
3
What is the tens digit of (36/(-10))/(2/(-15))?
2
Suppose 4*n = -6*g + 2*g + 1016, 2*n - 1267 = -5*g. Suppose -w + 51 = -i - 2, -5*w + i = -g. What is the units digit of w?
0
Let q be 5*(2 - (-7)/(-5)). Suppose 2*l = -q*s - 18, -2*s - 12 = -0*s + 2*l. What is the units digit of (15/s + 2)*-14?
7
Let t be 2/13 + 1548/78. Let s = 26 - t. What is the units digit of s?
6
Let q(c) = -c**3 + 9*c**2 + c - 4. Let d be q(9). Suppose -d*l + 62 = 2. What is the units digit of l?
2
Let w = -50 - -95. What is the units digit of w?
5
Let f be ((-9)/(-6))/(6/8). Suppose -f*t + 1 = s, -3*s + 4 = -2*t - 7. What is the units digit of s?
3
Suppose 5*p - 1007 = -4*w, 0 = -2*p - 4*w + w + 407. What is the tens digit of p?
9
Let w(a) = 2*a - 4. What is the tens digit of w(12)?
2
Let k be 4/14 - 1905/(-21). Suppose -k = -4*c - 7. What is the units digit of c?
1
Let v(z) = z**3 + 7*z**2 + 7*z + 4. Let w be v(-6). Let s = -2 - w. Suppose s*o = -o + 7. What is the units digit of o?
7
Let i = 51 - -42. What is the units digit of i?
3
Suppose 12*i - 192 = 8*i. What is the tens digit of i?
4
Let c(z) = 16*z**2 - 2*z - 2. What is the units digit of c(-1)?
6
Let r be (-21)/(-28) - 45/(-4). Suppose -3*z = -3*f - 36, 3*f + r = 2*z - z. What is the units digit of z?
2
Let z = 123 - 67. What is the tens digit of z?
5
Let z = 128 - 181. Let b = z + 74. What is the units digit of b?
1
Let b = -6 - -61. Let p = b + -33. What is the tens digit of p?
2
Let r(q) = -231*q**3 - 2*q**2 - 4*q - 3. What is the units digit of r(-1)?
0
Let f(h) = h. Let q(n) = n + 6. Let t be q(-3). What is the units digit of f(t)?
3
Suppose -5*k - 15 = -7*k - 5*t, 0 = -3*k + t - 3. Suppose k = -a + 4, 3*a - 50 + 14 = -2*v. What is the units digit of v?
2
Let k(s) = -s**3 - 7*s**2 + 8*s + 8. Suppose v + 3*t = 5, -5*v + 36 = -0*v + 4*t. Suppose 6*g - 2*o + 40 = g, -g - v = -5*o. What is the units digit of k(g)?
8
Suppose -5*v + 7*v = 22. What is the units digit of v?
1
Suppose -5*z + 16 = -z. Suppose 4*b + 20 = 0, s - 5*b - 31 = z*s. Let q = 0 - s. What is the units digit of q?
2
Let r(j) = 3 + 10*j + j**2 - 12*j + 0. Let x be r(2). Let z(w) = 2*w + 1. What is the units digit of z(x)?
7
Suppose 3*j - 4*j + 31 = 4*i, -5*j = -i + 13. Suppose -5*y = -0*y - 5, l = -4*y + i. Suppose -d + 0*d = -l. What is the units digit of d?
4
Suppose 5*b = -4*o + 3, 3*o - o = -5*b + 9. Let v(u) = u**3 + 5*u**2 + 2*u - 4. What is the units digit of v(o)?
8
Suppose -2*i = -6*i + 16. Suppose -3*q = -i*t - 17, -2*q + t + 3*t + 10 = 0. Suppose q*g - 48 = 4*g. What is the units digit of g?
6
Let f be 44 + (2 - 6/2). Suppose 3*w = a + 12, a - 3 + f = -4*w. What is the units digit of (-4)/10 - a/10?
2
Let o be ((-6)/(-4))/(2/(-12)). Let f = o - -6. What is the units digit of f/1*(-68)/12?
7
Let y(a) be the first derivative of -a**4/4 + a**3/3 + a**2/2 + 22*a - 7. What is the units digit of y(0)?
2
Let a(x) = -3*x**2 + 4. Suppose 3*n = 5*n - 6. Let p be a(n). Let r = p + 32. What is the units digit of r?
9
Suppose -4*d - 12 = -p, p = 3*d + 9 - 1. Let h = 9 + d. What is the units digit of h?
5
Suppose -4 = -4*u + 8. What is the units digit of 0 - -2 - (-3 + u)?
2
Let g = 33 + -17. Suppose -2*r + g + 8 = 0. What is the tens digit of r?
1
Let v(j) = 3*j. Let p be v(-1). Let o be -1 - p/(-3)*-1. What is the units digit of (1 + o)/(1/9)?
9
Suppose 5*k = 4*k. Suppose k = -d - 4*d + 65. What is the tens digit of d?
1
Let i(b) = -9*b + 5 - 4 - 1. Let r be i(-1). What is the tens digit of (-2)/r + 368/36?
1
Let q = -49 + 84. What is the units digit of q?
5
Let n(o) = 12*o**2 + o + 1. Let k(v) = v**2 + 6*v + 4. Let r be k(-5). Let w be n(r). Suppose 5*p = 2*m + w - 1, 3 = 3*m - p. What is the units digit of m?
2
Let m = -16 - -19. What is the units digit of 4/14*357/m?
4
Let b(m) = m**2 + 9*m - 5. Let p be b(-10). Suppose -v = -p*v + 144. What is the tens digit of v?
3
Suppose 5*a - 80 = -0*a. What is the tens digit of a?
1
Let b = -17 - -27. Suppose o - b = -0*o + r, -3*r + 20 = 2*o. What is the tens digit of o?
1
What is the units digit of 340/8*(-6)/(-5)?
1
Suppose 2*i - 6 = 8*i. Let l(z) be the second derivative of -z**5/5 - 2*z. What is the units digit of l(i)?
4
Let t(f) = 7*f + 1. Let w be t(2). Let i = 3 + 0. Let p = w - i. What is the tens digit of p?
1
Let i(t) = 1 - 3*t**3 + 5*t**2 + 3*t + 2 + 2*t**3. Let c be i(5). Suppose -k + 4*k = c. What is the units digit of k?
6
Let g = -9 - -2. Let r be ((-4)/7)/(2/g). Let s(m) = m**2 + m - 1. What is the units digit of s(r)?
5
Let s = 126 - 58. Suppose -s = -5*w - 18. What is the tens digit of w?
1
Let k(j) = 29*j - 9. What is the hundreds digit of k(4)?
1
Suppose 0 = -d - 1 - 0. What is the units digit of (2 - d - -6) + 0?
9
Let g = -4 + 4. Suppose -4*h - 1 = c + 34, -h - 2*c = g. Let b = h + 18. What is the units digit of b?
8
Let g(o) = 4*o - 35. Let b be g(10). Suppose -k = -2*d + 3, d - 5*k = -2*d - 6. Let y = b - d. What is the units digit of y?
2
Suppose n - 4*t = 5*n - 12, -3*n + 4*t = -37. Let o = 1 - n. What is the units digit of (-10)/(-6)*o/(-2)?
5
Let n(x) = x + 8. Let z be -6*(-1)/((-2)/(-3)). What is the tens digit of n(z)?
1
Suppose 0 = 2*v - v - 2*j + 10, 4*v + 5*j - 12 = 0. Let x = v + -1. Let f = x - -6. What is the units digit of f?
3
Let f = -165 - -292. What is the hundreds digit of f?
1
Suppose -626 - 1114 = -15*u. What is the tens digit of u?
1
Let o(a) = -3 - a**3 + 0 - 2*a**2 + 2*a**3 - 4*a. Let d be o(4). Suppose 0 = -4*g + 11 + d. What is the units digit of g?
6
Suppose -g + 4*h + 14 = 0, -5 = 4*h + 7. Let m(t) = -t**3 - 4*t**2 - 3*t + 1. Let k be m(-3). Suppose g*c = k + 17. What is the units digit of c?
9
Suppose u - 105 = 3*d - 1063, 0 = d + u - 318. What is the tens digit of d?
1
What is the units digit of (21/4)/(3/24)?
2
Suppose -8*s = -1656 - 56. What is the tens digit of s?
1
Suppose -f + n - 54 = 0, 114 = -2*f - n + 6*n. Let m = -34 - f. What is the tens digit of m?
1
Let x(i) = 2*i + 8. Suppose -24 = -3*s + 18. What is the tens digit of x(s)?
3
Let w(v) = 0*v**2 + v - 1 - v - v**2 - 7*v. What is the units digit of w(-5)?
9
Let n be (2/(-2))/((-2)/8). Let q = n - 6. Let g = q - -4. What is the units digit of g?
2
Suppose 39*f - 34*f = 475. What is the tens digit of f?
9
Let b be 23 + (-4 - (-1 + -3)). Suppose -v + b = 6. What is the tens digit of v?
1
Suppose 8 = 4*t - 2*z + 4*z, 4*z = 0. Suppose -t*l + l = -8. What is the units digit of l?
8
Suppose -4*x - m = 283, 0*m - 149 = 2*x + 3*m. Let k = x + 122. Suppose 5*c - 3*d - k =